{"id":32,"date":"2026-04-19T23:21:54","date_gmt":"2026-04-19T23:21:54","guid":{"rendered":"https:\/\/jfernandez.santcugatesn.com\/?post_type=product&#038;p=32"},"modified":"2026-04-19T23:21:55","modified_gmt":"2026-04-19T23:21:55","slug":"fuji-eien-camiseta-blanca","status":"publish","type":"product","link":"https:\/\/jfernandez.santcugatesn.com\/?product=fuji-eien-camiseta-blanca","title":{"rendered":"Fuji Eien \u2014 Camiseta Blanca"},"content":{"rendered":"<p class=\"font-claude-response-body break-words whitespace-normal leading-[1.7]\">El Fuji no se conquista. Se contempla. Esta pieza rinde homenaje a la monta\u00f1a sagrada del Jap\u00f3n, s\u00edmbolo de eternidad y perseverancia. Confeccionada en algod\u00f3n pesado 280gsm con acabado stonewash suave. Corte oversized, costuras dobles reforzadas. Producci\u00f3n limitada.<\/p>\n<p class=\"font-claude-response-body break-words whitespace-normal leading-[1.7]\"><em>\u5bcc\u58eb\u6c38\u9060 \u2014 Fuji Eterno<\/em><\/p>\n","protected":false},"excerpt":{"rendered":"<p>El Fuji no se conquista. Se contempla. Esta pieza rinde homenaje a la monta\u00f1a sagrada del Jap\u00f3n, s\u00edmbolo de eternidad y perseverancia. Confeccionada en algod\u00f3n pesado 280gsm con acabado stonewash suave. Corte oversized, costuras dobles reforzadas. Producci\u00f3n limitada. \u5bcc\u58eb\u6c38\u9060 \u2014 Fuji Eterno<\/p>\n","protected":false},"featured_media":0,"comment_status":"open","ping_status":"closed","template":"","meta":[],"product_brand":[],"product_cat":[17],"product_tag":[],"class_list":{"0":"post-32","1":"product","2":"type-product","3":"status-publish","5":"product_cat-camisetas","7":"first","8":"instock","9":"shipping-taxable","10":"product-type-simple"},"_links":{"self":[{"href":"https:\/\/jfernandez.santcugatesn.com\/index.php?rest_route=\/wp\/v2\/product\/32","targetHints":{"allow":["GET"]}}],"collection":[{"href":"https:\/\/jfernandez.santcugatesn.com\/index.php?rest_route=\/wp\/v2\/product"}],"about":[{"href":"https:\/\/jfernandez.santcugatesn.com\/index.php?rest_route=\/wp\/v2\/types\/product"}],"replies":[{"embeddable":true,"href":"https:\/\/jfernandez.santcugatesn.com\/index.php?rest_route=%2Fwp%2Fv2%2Fcomments&post=32"}],"wp:attachment":[{"href":"https:\/\/jfernandez.santcugatesn.com\/index.php?rest_route=%2Fwp%2Fv2%2Fmedia&parent=32"}],"wp:term":[{"taxonomy":"product_brand","embeddable":true,"href":"https:\/\/jfernandez.santcugatesn.com\/index.php?rest_route=%2Fwp%2Fv2%2Fproduct_brand&post=32"},{"taxonomy":"product_cat","embeddable":true,"href":"https:\/\/jfernandez.santcugatesn.com\/index.php?rest_route=%2Fwp%2Fv2%2Fproduct_cat&post=32"},{"taxonomy":"product_tag","embeddable":true,"href":"https:\/\/jfernandez.santcugatesn.com\/index.php?rest_route=%2Fwp%2Fv2%2Fproduct_tag&post=32"}],"curies":[{"name":"wp","href":"https:\/\/api.w.org\/{rel}","templated":true}]}}